{"id":1067,"date":"2024-05-02T10:16:55","date_gmt":"2024-05-02T08:16:55","guid":{"rendered":"https:\/\/www.motostudent.unican.es\/?page_id=1067"},"modified":"2024-05-16T13:09:38","modified_gmt":"2024-05-16T11:09:38","slug":"nuestros-objetivos","status":"publish","type":"page","link":"https:\/\/www.motostudent.unican.es\/?page_id=1067","title":{"rendered":"Objetivos"},"content":{"rendered":"\n<p><strong>NUESTROS OBJETIVOS<\/strong><\/p>\n\n\n\n<p>A pesar de presentarnos como un <strong>nuevo equipo <\/strong>en la VII Edici\u00f3n, conseguimos <strong>destacar <\/strong>frente a otros con m\u00e1s experiencia y presupuesto. Con todo ello, logramos salir de la pasada edici\u00f3n con mucha m\u00e1s <strong>experiencia <\/strong>de la que ten\u00edamos al empezar esta traves\u00eda, <strong>demostrando <\/strong>una vez m\u00e1s la capacidad de <strong>resiliencia <\/strong>que tuvimos frente a las <strong>dificultades <\/strong>que nos fuimos encontrando a lo largo del camino.<\/p>\n\n\n\n<p>El principal objetivo de los integrantes del equipo a <strong>nivel colectivo <\/strong>es desarrollar un nuevo <strong>prototipo m\u00e1s r\u00e1pido, sostenible <\/strong>y <strong>eficiente,<\/strong><strong> <\/strong>para poder mejorar los resultados obtenidos en ediciones anteriores y tratar de clasificarnos para la carrera final y conseguir as\u00ed estar entre los <strong>10 <\/strong><strong>mejores <\/strong>equipos de MotoStudent.<\/p>\n\n\n\n<p>A <strong>nivel individual<\/strong>, nuestro objetivo es <strong>aplicar <\/strong>los <strong>conocimientos <\/strong>obtenidos en los respectivos grados, <strong>adquiriendo nuevos<\/strong>, y ejercitando <strong>competencias espec\u00edficas <\/strong>y <strong>transversales <\/strong>a las titulaciones.<\/p>\n\n\n\n<p>Adem\u00e1s, tambi\u00e9n estamos muy concienciados con nuestro papel como <strong>representantes<\/strong> de <strong>Cantabria<\/strong> en el \u00e1mbito competitivo universitario. Por ello, cualquier <strong>logro<\/strong> que nosotros consigamos es un logro de las instituciones c\u00e1ntabras con la <strong>responsabilidad<\/strong> que eso conlleva. De tal manera, <strong>asumimos<\/strong> como uno de nuestros objetivos <strong>demostrar<\/strong> que <strong>Cantabria<\/strong> es una de las comunidades aut\u00f3nomas <strong>l\u00edderes<\/strong> en <strong>desarrollo<\/strong> industrial y en la que se apoya a los estudiantes e ingenieros a participar en proyectos que promocionan la <strong>\u201cmarca Cantabria\u201d<\/strong> en el \u00e1mbito industrial a nivel mundial.&nbsp;<\/p>\n\n\n\n<p>Dentro de nuestros objetivos, tambi\u00e9n podemos incluir aquellos compromisos que adquirimos con nuestros sponsors, donde nos comprometemos en <strong>mostrar<\/strong> una <strong>imagen<\/strong> institucional <strong>digna<\/strong> y que <strong>represente<\/strong> los <strong>valores<\/strong> de aquellas <strong>empresas<\/strong> e <strong>instituciones<\/strong> que conf\u00edan en nosotros.&nbsp;&nbsp;<\/p>\n\n\n\n<figure class=\"wp-block-image size-full\"><a href=\"https:\/\/www.motostudent.unican.es\/wp-content\/uploads\/2024\/05\/Grafico-Objetivos-de-Empresa-Negocio-Corporativo-Multicolor.png\"><img loading=\"lazy\" decoding=\"async\" width=\"1024\" height=\"768\" src=\"https:\/\/www.motostudent.unican.es\/wp-content\/uploads\/2024\/05\/Grafico-Objetivos-de-Empresa-Negocio-Corporativo-Multicolor.png\" alt=\"\" class=\"wp-image-1132\" srcset=\"https:\/\/www.motostudent.unican.es\/wp-content\/uploads\/2024\/05\/Grafico-Objetivos-de-Empresa-Negocio-Corporativo-Multicolor.png 1024w, https:\/\/www.motostudent.unican.es\/wp-content\/uploads\/2024\/05\/Grafico-Objetivos-de-Empresa-Negocio-Corporativo-Multicolor-300x225.png 300w, https:\/\/www.motostudent.unican.es\/wp-content\/uploads\/2024\/05\/Grafico-Objetivos-de-Empresa-Negocio-Corporativo-Multicolor-768x576.png 768w, https:\/\/www.motostudent.unican.es\/wp-content\/uploads\/2024\/05\/Grafico-Objetivos-de-Empresa-Negocio-Corporativo-Multicolor-640x480.png 640w\" sizes=\"auto, (max-width: 1024px) 100vw, 1024px\" \/><\/a><\/figure>\n","protected":false},"excerpt":{"rendered":"<p>NUESTROS OBJETIVOS A pesar de presentarnos como un nuevo equipo en la VII Edici\u00f3n, conseguimos destacar frente a otros con m\u00e1s experiencia y presupuesto. Con todo ello, logramos salir de la pasada edici\u00f3n con mucha m\u00e1s experiencia de la que ten\u00edamos al empezar esta traves\u00eda, demostrando una vez m\u00e1s la [&hellip;]<\/p>\n","protected":false},"author":5,"featured_media":0,"parent":0,"menu_order":0,"comment_status":"closed","ping_status":"closed","template":"","meta":{"footnotes":""},"class_list":["post-1067","page","type-page","status-publish","hentry"],"_links":{"self":[{"href":"https:\/\/www.motostudent.unican.es\/index.php?rest_route=\/wp\/v2\/pages\/1067","targetHints":{"allow":["GET"]}}],"collection":[{"href":"https:\/\/www.motostudent.unican.es\/index.php?rest_route=\/wp\/v2\/pages"}],"about":[{"href":"https:\/\/www.motostudent.unican.es\/index.php?rest_route=\/wp\/v2\/types\/page"}],"author":[{"embeddable":true,"href":"https:\/\/www.motostudent.unican.es\/index.php?rest_route=\/wp\/v2\/users\/5"}],"replies":[{"embeddable":true,"href":"https:\/\/www.motostudent.unican.es\/index.php?rest_route=%2Fwp%2Fv2%2Fcomments&post=1067"}],"version-history":[{"count":10,"href":"https:\/\/www.motostudent.unican.es\/index.php?rest_route=\/wp\/v2\/pages\/1067\/revisions"}],"predecessor-version":[{"id":1161,"href":"https:\/\/www.motostudent.unican.es\/index.php?rest_route=\/wp\/v2\/pages\/1067\/revisions\/1161"}],"wp:attachment":[{"href":"https:\/\/www.motostudent.unican.es\/index.php?rest_route=%2Fwp%2Fv2%2Fmedia&parent=1067"}],"curies":[{"name":"wp","href":"https:\/\/api.w.org\/{rel}","templated":true}]}}